{"id":31680,"date":"2025-09-20T17:28:30","date_gmt":"2025-09-20T20:28:30","guid":{"rendered":"https:\/\/www.nuxcell.com.br\/cupons-2\/"},"modified":"2025-09-20T17:28:30","modified_gmt":"2025-09-20T20:28:30","slug":"cupons-2","status":"publish","type":"page","link":"https:\/\/www.biosyn.com.br\/nuxcell\/cupons-2\/","title":{"rendered":"Programa de Cupons"},"content":{"rendered":"\r\n<div class=\"wp-block-group is-layout-constrained wp-container-core-group-is-layout-4383d167 wp-block-group-is-layout-constrained\">\r\n<div class=\"wp-block-cover has-background-dim-70 has-background-dim\" style=\"padding-top:40px;padding-bottom:40px;min-height:300px;aspect-ratio:unset;\"><span aria-hidden=\"true\" class=\"wp-block-cover__background has-background-dim-70 has-background-dim\" style=\"background-color:#333333\"><\/span><div class=\"wp-block-cover__inner-container is-layout-flow wp-block-cover-is-layout-flow\">\r\n<h1 class=\"wp-block-heading has-text-align-center has-text-color\" style=\"color:#ffffff;font-size:36px\">Join the NUXCELL\u00ae | Muito mais que vitamina para cachorro e gato! Affiliate Program<\/h1>\r\n\r\n\r\n\r\n<p class=\"has-text-align-center has-text-color\" style=\"color:#ffffff;font-size:20px\">Share referral links with auto-applied coupons, earn 20% on each sale referred, and give your audience great discounts!<\/p>\r\n\r\n\r\n\r\n<div class=\"wp-block-buttons is-content-justification-center is-layout-flex wp-container-core-buttons-is-layout-a89b3969 wp-block-buttons-is-layout-flex\">\r\n<div class=\"wp-block-button\"><a class=\"wp-block-button__link wp-element-button\" href=\"#join\">Join Now<\/a><\/div>\r\n<\/div>\r\n<\/div><\/div>\r\n\r\n\r\n\r\n<div class=\"wp-block-group is-layout-constrained wp-block-group-is-layout-constrained\" style=\"padding-top:40px;padding-bottom:40px\">\r\n<p>Welcome to the NUXCELL\u00ae | Muito mais que vitamina para cachorro e gato! Affiliate Program!<\/p>\r\n\r\n\r\n\r\n<p>Earn commissions by sharing unique referral links that automatically apply your exclusive coupon codes to customers\u2019 carts. When they shop using your link, they get fantastic discounts, and you earn 25% on each purchase &#8211; a win-win for everyone!<\/p>\r\n\r\n\r\n\r\n<p>We provide you with personalized referral links, detailed tracking tools, promotional materials, and a dedicated support team. Whether you\u2019re a blogger, influencer, or affiliate marketer, our program is designed to help you succeed while offering unbeatable value to your audience.<\/p>\r\n\r\n<\/div>\r\n\r\n\r\n\r\n<div class=\"wp-block-group is-layout-constrained wp-block-group-is-layout-constrained\" style=\"margin-bottom:40px\">\r\n\r\n<h2 class=\"wp-block-heading\">Why join our affiliate program?<\/h2>\r\n\r\n\r\n\r\n<div class=\"wp-block-columns is-layout-flex wp-container-core-columns-is-layout-d05c7dfd wp-block-columns-is-layout-flex\">\r\n\r\n<div class=\"wp-block-column is-layout-flow wp-block-column-is-layout-flow\">\r\n\r\n<div class=\"wp-block-group benefit-box is-layout-flow wp-block-group-is-layout-flow\" style=\"border-width:1px;border-radius:5px;padding-top:20px;padding-right:20px;padding-bottom:20px;padding-left:20px\">\r\n\r\n<h3 class=\"wp-block-heading has-text-align-center\">Generous Commissions<\/h3>\r\n\r\n\r\n<p class=\"has-text-align-center\">Earn a lucrative 25% through your coupon code and referral links, with no caps on your total earning potential.<\/p>\r\n\r\n<\/div>\r\n\r\n<\/div>\r\n\r\n\r\n\r\n<div class=\"wp-block-column is-layout-flow wp-block-column-is-layout-flow\">\r\n\r\n<div class=\"wp-block-group benefit-box is-layout-flow wp-block-group-is-layout-flow\" style=\"border-width:1px;border-radius:5px;padding-top:20px;padding-right:20px;padding-bottom:20px;padding-left:20px\">\r\n\r\n<h3 class=\"wp-block-heading has-text-align-center\">Exclusive Coupons<\/h3>\r\n\r\n\r\n<p class=\"has-text-align-center\">Get unique coupon codes tied to your referral links that auto-apply at checkout, exclusive to your audience for standout promotions.<\/p>\r\n\r\n<\/div>\r\n\r\n<\/div>\r\n\r\n\r\n\r\n<div class=\"wp-block-column is-layout-flow wp-block-column-is-layout-flow\">\r\n\r\n<div class=\"wp-block-group benefit-box is-layout-flow wp-block-group-is-layout-flow\" style=\"border-width:1px;border-radius:5px;padding-top:20px;padding-right:20px;padding-bottom:20px;padding-left:20px\">\r\n\r\n<h3 class=\"wp-block-heading has-text-align-center\">Real-Time Tracking<\/h3>\r\n\r\n\r\n<p class=\"has-text-align-center\">Track your referral link performance instantly with updates on clicks, conversions, and commissions via our intuitive dashboard.<\/p>\r\n\r\n<\/div>\r\n\r\n<\/div>\r\n\r\n<\/div>\r\n\r\n\r\n\r\n<div class=\"wp-block-columns is-layout-flex wp-container-core-columns-is-layout-5e550ab9 wp-block-columns-is-layout-flex\" style=\"margin-top:20px\">\r\n\r\n<div class=\"wp-block-column is-layout-flow wp-block-column-is-layout-flow\">\r\n\r\n<div class=\"wp-block-group benefit-box is-layout-flow wp-block-group-is-layout-flow\" style=\"border-width:1px;border-radius:5px;padding-top:20px;padding-right:20px;padding-bottom:20px;padding-left:20px\">\r\n\r\n<h3 class=\"wp-block-heading has-text-align-center\">Timely Payments<\/h3>\r\n\r\n\r\n<p class=\"has-text-align-center\">Receive prompt monthly payouts via PayPal once you hit the R$5,00 threshold.<\/p>\r\n\r\n<\/div>\r\n\r\n<\/div>\r\n\r\n\r\n\r\n<div class=\"wp-block-column is-layout-flow wp-block-column-is-layout-flow\">\r\n\r\n<div class=\"wp-block-group benefit-box is-layout-flow wp-block-group-is-layout-flow\" style=\"border-width:1px;border-radius:5px;padding-top:20px;padding-right:20px;padding-bottom:20px;padding-left:20px\">\r\n\r\n<h3 class=\"wp-block-heading has-text-align-center\">Marketing Tools<\/h3>\r\n\r\n\r\n<p class=\"has-text-align-center\">Access free banners, email templates, and social media graphics to enhance your referral link and coupon promotions.<\/p>\r\n\r\n<\/div>\r\n\r\n<\/div>\r\n\r\n\r\n\r\n<div class=\"wp-block-column is-layout-flow wp-block-column-is-layout-flow\">\r\n\r\n<div class=\"wp-block-group benefit-box is-layout-flow wp-block-group-is-layout-flow\" style=\"border-width:1px;border-radius:5px;padding-top:20px;padding-right:20px;padding-bottom:20px;padding-left:20px\">\r\n\r\n<h3 class=\"wp-block-heading has-text-align-center\">Dedicated Support<\/h3>\r\n\r\n\r\n<p class=\"has-text-align-center\">Our team is here to assist with any questions or challenges, ensuring your success with our coupon affiliate program.<\/p>\r\n\r\n<\/div>\r\n\r\n<\/div>\r\n\r\n<\/div>\r\n\r\n<\/div>\r\n\r\n\r\n\r\n<div style=\"height:25px\" aria-hidden=\"true\" class=\"wp-block-spacer\"><\/div>\r\n\r\n\r\n\r\n<div class=\"wp-block-group is-layout-constrained wp-block-group-is-layout-constrained\" style=\"margin-bottom:40px\">\r\n\r\n<h2 class=\"wp-block-heading\">How It Works<\/h2>\r\n\r\n\r\n\r\n<div class=\"wp-block-columns is-layout-flex wp-container-core-columns-is-layout-d05c7dfd wp-block-columns-is-layout-flex\">\r\n\r\n<div class=\"wp-block-column is-layout-flow wp-block-column-is-layout-flow\">\r\n\r\n<h4 class=\"wp-block-heading\">1. Join the Program<\/h4>\r\n\r\n\r\n<p>Sign up below to get your affiliate coupon and a referral link that auto-applies your exclusive discount.<\/p>\r\n\r\n<\/div>\r\n\r\n\r\n\r\n<div class=\"wp-block-column is-layout-flow wp-block-column-is-layout-flow\">\r\n\r\n<h4 class=\"wp-block-heading\">2. Share Your Link<\/h4>\r\n\r\n\r\n<p>Share your referral link via your blog, social media, or email. It auto-applies your coupon at checkout and tracks referrals.<\/p>\r\n\r\n<\/div>\r\n\r\n\r\n\r\n<div class=\"wp-block-column is-layout-flow wp-block-column-is-layout-flow\">\r\n\r\n<h4 class=\"wp-block-heading\">3. Earn Rewards<\/h4>\r\n\r\n\r\n<p>Earn 25% when customers use your coupon or link, with the referral cookie stored for 0 days.<\/p>\r\n\r\n<\/div>\r\n\r\n<\/div>\r\n\r\n<\/div>\r\n\r\n\r\n\r\n<div style=\"height:20px\" aria-hidden=\"true\" class=\"wp-block-spacer\"><\/div>\r\n\r\n\r\n\r\n<div class=\"wp-block-group is-layout-constrained wp-block-group-is-layout-constrained\" style=\"margin-bottom:40px\">\r\n\r\n<h2 class=\"wp-block-heading\" id=\"join\">Join Now<\/h2>\r\n\r\n\r\n\r\n<div class=\"wp-block-group is-layout-constrained wp-container-core-group-is-layout-69392e99 wp-block-group-is-layout-constrained\" style=\"border-width:0px;border-radius:0px;margin-top:20px;padding-top:0px;padding-right:0px;padding-bottom:0px;padding-left:0px\"><p>[couponaffiliates-register]<\/p>\n<\/div>\r\n<\/div>\r\n<\/div>\r\n","protected":false},"excerpt":{"rendered":"<p>Welcome to the NUXCELL\u00ae | Muito mais que vitamina para cachorro e gato! Affiliate Program! Earn commissions by sharing unique referral links that automatically apply your exclusive coupon codes to customers\u2019 carts. When they shop using your link, they get fantastic discounts, and you earn 25% on each purchase &#8211; a win-win for everyone! We [&hellip;]<\/p>\n","protected":false},"author":4,"featured_media":0,"parent":0,"menu_order":0,"comment_status":"closed","ping_status":"closed","template":"","meta":{"_acf_changed":false,"footnotes":""},"class_list":["post-31680","page","type-page","status-publish","hentry"],"acf":[],"yoast_head":"<!-- This site is optimized with the Yoast SEO plugin v26.2 - https:\/\/yoast.com\/wordpress\/plugins\/seo\/ -->\n<title>Programa de Cupons - NUXCELL\u00ae | Muito mais que vitamina para cachorro e gato!<\/title>\n<meta name=\"robots\" content=\"index, follow, max-snippet:-1, max-image-preview:large, max-video-preview:-1\" \/>\n<link rel=\"canonical\" href=\"https:\/\/www.biosyn.com.br\/nuxcell\/cupons-2\/\" \/>\n<meta property=\"og:locale\" content=\"pt_BR\" \/>\n<meta property=\"og:type\" content=\"article\" \/>\n<meta property=\"og:title\" content=\"Programa de Cupons - NUXCELL\u00ae | Muito mais que vitamina para cachorro e gato!\" \/>\n<meta property=\"og:description\" content=\"Welcome to the NUXCELL\u00ae | Muito mais que vitamina para cachorro e gato! Affiliate Program! Earn commissions by sharing unique referral links that automatically apply your exclusive coupon codes to customers\u2019 carts. When they shop using your link, they get fantastic discounts, and you earn 25% on each purchase &#8211; a win-win for everyone! We [&hellip;]\" \/>\n<meta property=\"og:url\" content=\"https:\/\/www.biosyn.com.br\/nuxcell\/cupons-2\/\" \/>\n<meta property=\"og:site_name\" content=\"NUXCELL\u00ae | Muito mais que vitamina para cachorro e gato!\" \/>\n<meta name=\"twitter:card\" content=\"summary_large_image\" \/>\n<meta name=\"twitter:label1\" content=\"Est. tempo de leitura\" \/>\n\t<meta name=\"twitter:data1\" content=\"2 minutos\" \/>\n<script type=\"application\/ld+json\" class=\"yoast-schema-graph\">{\"@context\":\"https:\/\/schema.org\",\"@graph\":[{\"@type\":\"WebPage\",\"@id\":\"https:\/\/www.biosyn.com.br\/nuxcell\/cupons-2\/\",\"url\":\"https:\/\/www.biosyn.com.br\/nuxcell\/cupons-2\/\",\"name\":\"Programa de Cupons - NUXCELL\u00ae | Muito mais que vitamina para cachorro e gato!\",\"isPartOf\":{\"@id\":\"https:\/\/www.biosyn.com.br\/nuxcell\/#website\"},\"datePublished\":\"2025-09-20T20:28:30+00:00\",\"breadcrumb\":{\"@id\":\"https:\/\/www.biosyn.com.br\/nuxcell\/cupons-2\/#breadcrumb\"},\"inLanguage\":\"pt-BR\",\"potentialAction\":[{\"@type\":\"ReadAction\",\"target\":[\"https:\/\/www.biosyn.com.br\/nuxcell\/cupons-2\/\"]}]},{\"@type\":\"BreadcrumbList\",\"@id\":\"https:\/\/www.biosyn.com.br\/nuxcell\/cupons-2\/#breadcrumb\",\"itemListElement\":[{\"@type\":\"ListItem\",\"position\":1,\"name\":\"In\u00edcio\",\"item\":\"https:\/\/www.biosyn.com.br\/nuxcell\/\"},{\"@type\":\"ListItem\",\"position\":2,\"name\":\"Programa de Cupons\"}]},{\"@type\":\"WebSite\",\"@id\":\"https:\/\/www.biosyn.com.br\/nuxcell\/#website\",\"url\":\"https:\/\/www.biosyn.com.br\/nuxcell\/\",\"name\":\"NUXCELL\u00ae | Muito mais que vitamina para cachorro e gato!\",\"description\":\"NUXCELL\u00ae \u00e9 um simbi\u00f3tico imunomodulador exclusivo para c\u00e3es e gatos. Fortalece as defesas do organismo e fornece nutrientes estrat\u00e9gicos para a sa\u00fade pet.\",\"publisher\":{\"@id\":\"https:\/\/www.biosyn.com.br\/nuxcell\/#organization\"},\"potentialAction\":[{\"@type\":\"SearchAction\",\"target\":{\"@type\":\"EntryPoint\",\"urlTemplate\":\"https:\/\/www.biosyn.com.br\/nuxcell\/?s={search_term_string}\"},\"query-input\":{\"@type\":\"PropertyValueSpecification\",\"valueRequired\":true,\"valueName\":\"search_term_string\"}}],\"inLanguage\":\"pt-BR\"},{\"@type\":\"Organization\",\"@id\":\"https:\/\/www.biosyn.com.br\/nuxcell\/#organization\",\"name\":\"NUXCELL\u00ae | Muito mais que vitamina para cachorro e gato!\",\"url\":\"https:\/\/www.biosyn.com.br\/nuxcell\/\",\"logo\":{\"@type\":\"ImageObject\",\"inLanguage\":\"pt-BR\",\"@id\":\"https:\/\/www.biosyn.com.br\/nuxcell\/#\/schema\/logo\/image\/\",\"url\":\"https:\/\/www.biosyn.com.br\/nuxcell\/wp-content\/uploads\/sites\/2\/2024\/07\/nuxcell_logo-e1721911131146.png\",\"contentUrl\":\"https:\/\/www.biosyn.com.br\/nuxcell\/wp-content\/uploads\/sites\/2\/2024\/07\/nuxcell_logo-e1721911131146.png\",\"width\":550,\"height\":122,\"caption\":\"NUXCELL\u00ae | Muito mais que vitamina para cachorro e gato!\"},\"image\":{\"@id\":\"https:\/\/www.biosyn.com.br\/nuxcell\/#\/schema\/logo\/image\/\"}}]}<\/script>\n<!-- \/ Yoast SEO plugin. -->","yoast_head_json":{"title":"Programa de Cupons - NUXCELL\u00ae | Muito mais que vitamina para cachorro e gato!","robots":{"index":"index","follow":"follow","max-snippet":"max-snippet:-1","max-image-preview":"max-image-preview:large","max-video-preview":"max-video-preview:-1"},"canonical":"https:\/\/www.biosyn.com.br\/nuxcell\/cupons-2\/","og_locale":"pt_BR","og_type":"article","og_title":"Programa de Cupons - NUXCELL\u00ae | Muito mais que vitamina para cachorro e gato!","og_description":"Welcome to the NUXCELL\u00ae | Muito mais que vitamina para cachorro e gato! Affiliate Program! Earn commissions by sharing unique referral links that automatically apply your exclusive coupon codes to customers\u2019 carts. When they shop using your link, they get fantastic discounts, and you earn 25% on each purchase &#8211; a win-win for everyone! We [&hellip;]","og_url":"https:\/\/www.biosyn.com.br\/nuxcell\/cupons-2\/","og_site_name":"NUXCELL\u00ae | Muito mais que vitamina para cachorro e gato!","twitter_card":"summary_large_image","twitter_misc":{"Est. tempo de leitura":"2 minutos"},"schema":{"@context":"https:\/\/schema.org","@graph":[{"@type":"WebPage","@id":"https:\/\/www.biosyn.com.br\/nuxcell\/cupons-2\/","url":"https:\/\/www.biosyn.com.br\/nuxcell\/cupons-2\/","name":"Programa de Cupons - NUXCELL\u00ae | Muito mais que vitamina para cachorro e gato!","isPartOf":{"@id":"https:\/\/www.biosyn.com.br\/nuxcell\/#website"},"datePublished":"2025-09-20T20:28:30+00:00","breadcrumb":{"@id":"https:\/\/www.biosyn.com.br\/nuxcell\/cupons-2\/#breadcrumb"},"inLanguage":"pt-BR","potentialAction":[{"@type":"ReadAction","target":["https:\/\/www.biosyn.com.br\/nuxcell\/cupons-2\/"]}]},{"@type":"BreadcrumbList","@id":"https:\/\/www.biosyn.com.br\/nuxcell\/cupons-2\/#breadcrumb","itemListElement":[{"@type":"ListItem","position":1,"name":"In\u00edcio","item":"https:\/\/www.biosyn.com.br\/nuxcell\/"},{"@type":"ListItem","position":2,"name":"Programa de Cupons"}]},{"@type":"WebSite","@id":"https:\/\/www.biosyn.com.br\/nuxcell\/#website","url":"https:\/\/www.biosyn.com.br\/nuxcell\/","name":"NUXCELL\u00ae | Muito mais que vitamina para cachorro e gato!","description":"NUXCELL\u00ae \u00e9 um simbi\u00f3tico imunomodulador exclusivo para c\u00e3es e gatos. Fortalece as defesas do organismo e fornece nutrientes estrat\u00e9gicos para a sa\u00fade pet.","publisher":{"@id":"https:\/\/www.biosyn.com.br\/nuxcell\/#organization"},"potentialAction":[{"@type":"SearchAction","target":{"@type":"EntryPoint","urlTemplate":"https:\/\/www.biosyn.com.br\/nuxcell\/?s={search_term_string}"},"query-input":{"@type":"PropertyValueSpecification","valueRequired":true,"valueName":"search_term_string"}}],"inLanguage":"pt-BR"},{"@type":"Organization","@id":"https:\/\/www.biosyn.com.br\/nuxcell\/#organization","name":"NUXCELL\u00ae | Muito mais que vitamina para cachorro e gato!","url":"https:\/\/www.biosyn.com.br\/nuxcell\/","logo":{"@type":"ImageObject","inLanguage":"pt-BR","@id":"https:\/\/www.biosyn.com.br\/nuxcell\/#\/schema\/logo\/image\/","url":"https:\/\/www.biosyn.com.br\/nuxcell\/wp-content\/uploads\/sites\/2\/2024\/07\/nuxcell_logo-e1721911131146.png","contentUrl":"https:\/\/www.biosyn.com.br\/nuxcell\/wp-content\/uploads\/sites\/2\/2024\/07\/nuxcell_logo-e1721911131146.png","width":550,"height":122,"caption":"NUXCELL\u00ae | Muito mais que vitamina para cachorro e gato!"},"image":{"@id":"https:\/\/www.biosyn.com.br\/nuxcell\/#\/schema\/logo\/image\/"}}]}},"_links":{"self":[{"href":"https:\/\/www.biosyn.com.br\/nuxcell\/wp-json\/wp\/v2\/pages\/31680","targetHints":{"allow":["GET"]}}],"collection":[{"href":"https:\/\/www.biosyn.com.br\/nuxcell\/wp-json\/wp\/v2\/pages"}],"about":[{"href":"https:\/\/www.biosyn.com.br\/nuxcell\/wp-json\/wp\/v2\/types\/page"}],"author":[{"embeddable":true,"href":"https:\/\/www.biosyn.com.br\/nuxcell\/wp-json\/wp\/v2\/users\/4"}],"replies":[{"embeddable":true,"href":"https:\/\/www.biosyn.com.br\/nuxcell\/wp-json\/wp\/v2\/comments?post=31680"}],"version-history":[{"count":0,"href":"https:\/\/www.biosyn.com.br\/nuxcell\/wp-json\/wp\/v2\/pages\/31680\/revisions"}],"wp:attachment":[{"href":"https:\/\/www.biosyn.com.br\/nuxcell\/wp-json\/wp\/v2\/media?parent=31680"}],"curies":[{"name":"wp","href":"https:\/\/api.w.org\/{rel}","templated":true}]}}